{"id":285,"date":"2017-04-11T15:28:07","date_gmt":"2017-04-11T13:28:07","guid":{"rendered":"http:\/\/messico.evolutiontravel.it\/infovacanze\/?page_id=285"},"modified":"2019-01-23T14:30:35","modified_gmt":"2019-01-23T13:30:35","slug":"spiagge","status":"publish","type":"page","link":"https:\/\/messico.evolutiontravel.it\/infovacanze\/cosa-vedere\/spiagge\/","title":{"rendered":"Le spiagge da non perdere in Messico"},"content":{"rendered":"<p><strong>Le spiagge del Messico<\/strong> che sicuramente <strong>meritano una visita<\/strong> sono innanzitutto quelle di <a title=\"cancun\" href=\"https:\/\/messico.evolutiontravel.it\/infovacanze\/cosa-vedere\/cancun\/\">Cancun<\/a>, <a title=\"akumal\" href=\"https:\/\/messico.evolutiontravel.it\/infovacanze\/quando-andare\/quando-andare-akumal\/\">Akumal<\/a>, <a title=\"tulum\" href=\"https:\/\/messico.evolutiontravel.it\/infovacanze\/quando-andare\/quando-andare-tulum\/\">Tulum<\/a>, e poi quelle lungo la <a title=\"riviera maya cosa vedere\" href=\"https:\/\/messico.evolutiontravel.it\/infovacanze\/cosa-vedere\/riviera-maya\/\">Riviera Maya<\/a> come Playa del Carmen, Puerto Morelos, Puerto Vallarta mentre dalla parte opposta gli splendidi lidi di Acapulco, Cabo San Lucas e Mahahual.<\/p>\n<p>Il nostro viaggio virtuale per le spiagge messicane inizia quindi da <strong>Cancun il cui <\/strong><strong>litorale, visto dall&#8217;alto, sembra formare un numero 7<\/strong>: una curiosit\u00e0 che la contraddistingue. Ci troviamo nella <a title=\"yucatan cosa vedere\" href=\"https:\/\/messico.evolutiontravel.it\/infovacanze\/cosa-vedere\/yucatan\/\"><strong>penisola dello Yucatan<\/strong><\/a>, con pi\u00f9 di <strong>20 chilometri di spiagge bianchissime<\/strong>, affacciate sul <strong>Mar dei Caraibi<\/strong>.<\/p>\n<p>Un centinaio di chilometri pi\u00f9<strong> a sud, ecco Akumal<\/strong>: localit\u00e0 balneare ideale per <strong>immersioni e snorkeling<\/strong>. Le numerose tartarughe e la splendida barriera corallina renderanno la vacanza indimenticabile. Akumal potrebbe essere anche solo una tappa del tour visto che si trova <strong>tra altre due localit\u00e0<\/strong> perfette per chi desidera un soggiorno mare: Tulum e di Playa del Carmen.<\/p>\n<p><strong>A Tulum<\/strong> si trova <strong>l&#8217;unico sito archeologico del Messico direttamente sul mare<\/strong>: avreste mai immaginato di potervi tuffare al cospetto di antiche rovine!<\/p>\n<p><img loading=\"lazy\" decoding=\"async\" class=\"alignright wp-image-623 size-full\" src=\"https:\/\/messico.evolutiontravel.it\/infovacanze\/wp-content\/uploads\/sites\/26\/2019\/01\/mappa-spiagge-messico.png\" alt=\"mappa spiagge messico\" width=\"480\" height=\"355\" srcset=\"https:\/\/messico.evolutiontravel.it\/infovacanze\/wp-content\/uploads\/sites\/26\/2019\/01\/mappa-spiagge-messico.png 480w, https:\/\/messico.evolutiontravel.it\/infovacanze\/wp-content\/uploads\/sites\/26\/2019\/01\/mappa-spiagge-messico-300x222.png 300w\" sizes=\"(max-width: 480px) 100vw, 480px\" \/><\/p>\n<p>Quanto a <strong>Playa del Carmen<\/strong>, \u00e8 certamente una delle localit\u00e0 pi\u00f9 note di tutto il Messico. Da piccolo villaggio si \u00e8 trasformata nella <strong>&#8220;capitale&#8221; della Riviera Maya<\/strong>. Una volta qui, inoltre, raggiungerete<strong> le spiagge dell&#8217;isola di Cozumel<\/strong>, a soli 40 minuti di traghetto.<\/p>\n<p>In zona, tra Playa del Carmen e Cancun &#8211; ecco un vero e proprio paradiso: \u00e8 <strong>Puerto Morelos<\/strong>, con le sue acque cristalline.<\/p>\n<p><strong>Sognate una vacanza da vip?<\/strong> Allora andate a <strong>Puerto Vallarta<\/strong>: queste spiagge sono balzate agli onori della cronaca grazie a <strong>Liz Taylor e Richard Burton<\/strong>.<\/p>\n<p><strong>Acapulco<\/strong> \u00e8 particolarmenre nota per <strong>la sua vita notturna<\/strong>: qui non si dorme mai, la &#8220;fabbrica&#8221; del divertimento non conosce stop a vantaggio di chi vuol staccare completamente dalla solita routine.<\/p>\n<p>In Bassa California del Sud, invece, la regina incontrastata delle spiagge della zona \u00e8 <strong>Cabo San Lucas<\/strong>, facilmente raggiungibile grazie al suo aeroporto internazionale, \u00e8 vocata ad un <strong>turismo di lusso<\/strong> ma attrae anche gli amanti della <strong>fauna marina<\/strong>: qui \u00e8 possibile avvistare le <strong>balene.<\/strong><\/p>\n<p>La carrellata di spiagge si conclude con <strong>Mahahual<\/strong>: a colpirvi saranno i profumi in arrivo dalla <strong>foresta<\/strong> che qui fa da cornice e conferisce a questa spiagga una sua particolare unicit\u00e0.<\/p>\n<h3 style=\"text-align: center\">SPECIALE &#8220;<strong><span style=\"color: #008000\">VILLAGGI IN MESSICO<\/span><\/strong>&#8221; con Evolution Travel<\/h3>\n<p style=\"text-align: center\"><strong><span style=\"color: #008000\">CLICCA SULLE OFFERTE<\/span><\/strong>: <strong>programma<\/strong>, <strong>foto<\/strong>, <strong>commenti<\/strong>, <strong>servizi inclusi<\/strong> e molto altro!<\/p>\n<div class=\"feedzy-60b2bcc883c4304360272378a99a6a2b feedzy-rss\">\n\t\t<ul class=\"feedzy-style2\">\n\t\t\t\t\t<li  style=\"padding: 23px 0 38px\" class=\"rss_item feedzy-rss-col-3\" >\n\t\t\t\t\t\t\t\t\t<div class=\"rss_image\" style=\"width:225px; height:225px;\">\n\t\t\t\t\t\t<a href=\"https:\/\/messico.evolutiontravel.it\/it_IT\/903\/tab\/2159_hotel-viva-wyndham-maya.html\" target=\"_blank\" \n\t\t\t\t\t\t\trel=\"noopener \"\n\t\t\t\t\t\t\ttitle=\"Hotel Viva Wyndham Maya\"\n\t\t\t\t\t\t\tstyle=\"width:225px; height:225px;\">\n\t\t\t\t\t\t\t<span class=\"fetched\" style=\"background-image:  url('http:\/\/etcdn.net\/thumbnails\/2159\/it-playacar-hotel-viva-wyndham-maya-63449.jpg');\" title=\"Hotel Viva Wyndham Maya\"><\/span><amp-img width=\"225\" height=\"225\" src=\"http:\/\/etcdn.net\/thumbnails\/2159\/it-playacar-hotel-viva-wyndham-maya-63449.jpg\">\t\t\t\t\t\t<\/a>\n\t\t\t\t\t<\/div>\n\t\t\t\t\t\t\t\t<div class=\"rss_content_wrap\">\n\t\t\t\t\t<span class=\"title\">\n\t\t\t\t\t\t<a href=\"https:\/\/messico.evolutiontravel.it\/it_IT\/903\/tab\/2159_hotel-viva-wyndham-maya.html\" target=\"_blank\"  rel=\"noopener \">\n\t\t\t\t\t\t\tHotel Viva Wyndham Maya\t\t\t\t\t\t<\/a>\n\t\t\t\t\t<\/span>\n\t\t\t\t\t<div class=\"rss_content\"\n\t\t\t\t\t\t\tstyle=\"\">\n\t\t\t\t\t\t\n\t\t\t\t\t\t\t\t\t\t\t\t<p class=\"description\">Hotel 4 stelle a due passi da Playa del Carmen. Direttamente sul mare, ideale per giovani e famiglie.<\/p>\n\t\t\t\t\t\t\n\t\t\t\t\t\t\t\t\t\t\t\t\t\t\t\t\t\t\t<div class=\"price-wrap\">\n\t\t\t\t\t\t\t\t<a href=\"https:\/\/messico.evolutiontravel.it\/it_IT\/903\/tab\/2159_hotel-viva-wyndham-maya.html\" target=\"_blank\" rel=\"noopener\"><button class=\"price\"> 1429<\/button><\/a>\n\t\t\t\t\t\t\t<\/div>\n\t\t\t\t\t\t\t\t\t\t\t<\/div>\n\t\t\t\t<\/div>\n\t\t\t<\/li>\n\t\t\t\t\t\t<li  style=\"padding: 23px 0 38px\" class=\"rss_item feedzy-rss-col-3\" >\n\t\t\t\t\t\t\t\t\t<div class=\"rss_image\" style=\"width:225px; height:225px;\">\n\t\t\t\t\t\t<a href=\"https:\/\/messico.evolutiontravel.it\/it_IT\/903\/tab\/26908_hotel-veraclub-royal-tulum.html\" target=\"_blank\" \n\t\t\t\t\t\t\trel=\"noopener \"\n\t\t\t\t\t\t\ttitle=\"Hotel Veraclub Royal Tulum\"\n\t\t\t\t\t\t\tstyle=\"width:225px; height:225px;\">\n\t\t\t\t\t\t\t<span class=\"fetched\" style=\"background-image:  url('http:\/\/etcdn.net\/thumbnails\/26908\/it-tulum-hotel-veraclub-royal-tulum-4d673.jpg');\" title=\"Hotel Veraclub Royal Tulum\"><\/span><amp-img width=\"225\" height=\"225\" src=\"http:\/\/etcdn.net\/thumbnails\/26908\/it-tulum-hotel-veraclub-royal-tulum-4d673.jpg\">\t\t\t\t\t\t<\/a>\n\t\t\t\t\t<\/div>\n\t\t\t\t\t\t\t\t<div class=\"rss_content_wrap\">\n\t\t\t\t\t<span class=\"title\">\n\t\t\t\t\t\t<a href=\"https:\/\/messico.evolutiontravel.it\/it_IT\/903\/tab\/26908_hotel-veraclub-royal-tulum.html\" target=\"_blank\"  rel=\"noopener \">\n\t\t\t\t\t\t\tHotel Veraclub Royal Tulum\t\t\t\t\t\t<\/a>\n\t\t\t\t\t<\/span>\n\t\t\t\t\t<div class=\"rss_content\"\n\t\t\t\t\t\t\tstyle=\"\">\n\t\t\t\t\t\t\n\t\t\t\t\t\t\t\t\t\t\t\t<p class=\"description\">Il mare azzurro e la fine sabbia bianca delle spiagge e le meraviglie archeologiche di una terra dalla storia millenaria: qui [&hellip;]<\/p>\n\t\t\t\t\t\t\n\t\t\t\t\t\t\t\t\t\t\t\t\t\t\t\t\t\t\t<div class=\"price-wrap\">\n\t\t\t\t\t\t\t\t<a href=\"https:\/\/messico.evolutiontravel.it\/it_IT\/903\/tab\/26908_hotel-veraclub-royal-tulum.html\" target=\"_blank\" rel=\"noopener\"><button class=\"price\"> 1775<\/button><\/a>\n\t\t\t\t\t\t\t<\/div>\n\t\t\t\t\t\t\t\t\t\t\t<\/div>\n\t\t\t\t<\/div>\n\t\t\t<\/li>\n\t\t\t\t\t\t<li  style=\"padding: 23px 0 38px\" class=\"rss_item feedzy-rss-col-3\" >\n\t\t\t\t\t\t\t\t\t<div class=\"rss_image\" style=\"width:225px; height:225px;\">\n\t\t\t\t\t\t<a href=\"https:\/\/messico.evolutiontravel.it\/it_IT\/903\/tab\/25076_hotel-viva-azteca-4-stelle.html\" target=\"_blank\" \n\t\t\t\t\t\t\trel=\"noopener \"\n\t\t\t\t\t\t\ttitle=\"Hotel Viva Azteca 4 stelle\"\n\t\t\t\t\t\t\tstyle=\"width:225px; height:225px;\">\n\t\t\t\t\t\t\t<span class=\"fetched\" style=\"background-image:  url('http:\/\/etcdn.net\/thumbnails\/25076\/it-playacar-hotel-viva-azteca-4-stelle-6abbb.jpg');\" title=\"Hotel Viva Azteca 4 stelle\"><\/span><amp-img width=\"225\" height=\"225\" src=\"http:\/\/etcdn.net\/thumbnails\/25076\/it-playacar-hotel-viva-azteca-4-stelle-6abbb.jpg\">\t\t\t\t\t\t<\/a>\n\t\t\t\t\t<\/div>\n\t\t\t\t\t\t\t\t<div class=\"rss_content_wrap\">\n\t\t\t\t\t<span class=\"title\">\n\t\t\t\t\t\t<a href=\"https:\/\/messico.evolutiontravel.it\/it_IT\/903\/tab\/25076_hotel-viva-azteca-4-stelle.html\" target=\"_blank\"  rel=\"noopener \">\n\t\t\t\t\t\t\tHotel Viva Azteca 4 stelle\t\t\t\t\t\t<\/a>\n\t\t\t\t\t<\/span>\n\t\t\t\t\t<div class=\"rss_content\"\n\t\t\t\t\t\t\tstyle=\"\">\n\t\t\t\t\t\t\n\t\t\t\t\t\t\t\t\t\t\t\t<p class=\"description\">Hotel 4 stelle a Playacar, vicinissimo a Playa del Carmen. Hotel molto giovanile e divertente. Adatto a tutti i tipi di clientela<\/p>\n\t\t\t\t\t\t\n\t\t\t\t\t\t\t\t\t\t\t\t\t\t\t\t\t\t\t<div class=\"price-wrap\">\n\t\t\t\t\t\t\t\t<a href=\"https:\/\/messico.evolutiontravel.it\/it_IT\/903\/tab\/25076_hotel-viva-azteca-4-stelle.html\" target=\"_blank\" rel=\"noopener\"><button class=\"price\"> 1459<\/button><\/a>\n\t\t\t\t\t\t\t<\/div>\n\t\t\t\t\t\t\t\t\t\t\t<\/div>\n\t\t\t\t<\/div>\n\t\t\t<\/li>\n\t\t\t\t<\/ul>\n<\/div>\n<style type=\"text\/css\" media=\"all\">.feedzy-rss .rss_item .rss_image{float:left;position:relative;border:none;text-decoration:none;max-width:100%}.feedzy-rss .rss_item .rss_image span{display:inline-block;position:absolute;width:100%;height:100%;background-position:50%;background-size:cover}.feedzy-rss .rss_item .rss_image{margin:.3em 1em 0 0;content-visibility:auto}.feedzy-rss ul{list-style:none}.feedzy-rss ul li{display:inline-block}<\/style>\n","protected":false},"excerpt":{"rendered":"<p>Le spiagge del Messico che sicuramente meritano una visita sono innanzitutto quelle di Cancun, Akumal, Tulum, e poi quelle lungo la Riviera Maya come Playa del Carmen, Puerto Morelos, Puerto Vallarta mentre dalla parte opposta gli splendidi lidi di Acapulco, Cabo San Lucas e Mahahual. Il nostro viaggio virtuale per le spiagge messicane inizia quindi <a class=\"moretag\" href=\"https:\/\/messico.evolutiontravel.it\/infovacanze\/cosa-vedere\/spiagge\/\">[&#8230;]<\/a><\/p>\n","protected":false},"author":6,"featured_media":0,"parent":173,"menu_order":0,"comment_status":"closed","ping_status":"closed","template":"templates\/template-with-right-sidebar.php","meta":{"footnotes":""},"yoast_head":"<!-- This site is optimized with the Yoast SEO plugin v21.9.1 - https:\/\/yoast.com\/wordpress\/plugins\/seo\/ -->\n<title>Spiagge del Messico: i litorali pi\u00f9 belli per le tue vacanze al mare<\/title>\n<meta name=\"description\" content=\"Hai scelto il Messico per trascorrere una vacanza al mare? Allora leggi il nostro articolo, ti raccontiamo le spiagge pi\u00f9 belle di questo paese!\" \/>\n<meta name=\"robots\" content=\"index, follow, max-snippet:-1, max-image-preview:large, max-video-preview:-1\" \/>\n<link rel=\"canonical\" href=\"https:\/\/messico.evolutiontravel.it\/infovacanze\/cosa-vedere\/spiagge\/\" \/>\n<meta property=\"og:locale\" content=\"it_IT\" \/>\n<meta property=\"og:type\" content=\"article\" \/>\n<meta property=\"og:title\" content=\"Spiagge del Messico: i litorali pi\u00f9 belli per le tue vacanze al mare\" \/>\n<meta property=\"og:description\" content=\"Hai scelto il Messico per trascorrere una vacanza al mare? Allora leggi il nostro articolo, ti raccontiamo le spiagge pi\u00f9 belle di questo paese!\" \/>\n<meta property=\"og:url\" content=\"https:\/\/messico.evolutiontravel.it\/infovacanze\/cosa-vedere\/spiagge\/\" \/>\n<meta property=\"og:site_name\" content=\"Messico\" \/>\n<meta property=\"article:modified_time\" content=\"2019-01-23T13:30:35+00:00\" \/>\n<meta property=\"og:image\" content=\"https:\/\/messico.evolutiontravel.it\/infovacanze\/wp-content\/uploads\/sites\/26\/2019\/01\/mappa-spiagge-messico.png\" \/>\n<meta name=\"twitter:label1\" content=\"Tempo di lettura stimato\" \/>\n\t<meta name=\"twitter:data1\" content=\"2 minuti\" \/>\n<script type=\"application\/ld+json\" class=\"yoast-schema-graph\">{\"@context\":\"https:\/\/schema.org\",\"@graph\":[{\"@type\":\"WebPage\",\"@id\":\"https:\/\/messico.evolutiontravel.it\/infovacanze\/cosa-vedere\/spiagge\/\",\"url\":\"https:\/\/messico.evolutiontravel.it\/infovacanze\/cosa-vedere\/spiagge\/\",\"name\":\"Spiagge del Messico: i litorali pi\u00f9 belli per le tue vacanze al mare\",\"isPartOf\":{\"@id\":\"https:\/\/messico.evolutiontravel.it\/infovacanze\/#website\"},\"datePublished\":\"2017-04-11T13:28:07+00:00\",\"dateModified\":\"2019-01-23T13:30:35+00:00\",\"description\":\"Hai scelto il Messico per trascorrere una vacanza al mare? Allora leggi il nostro articolo, ti raccontiamo le spiagge pi\u00f9 belle di questo paese!\",\"breadcrumb\":{\"@id\":\"https:\/\/messico.evolutiontravel.it\/infovacanze\/cosa-vedere\/spiagge\/#breadcrumb\"},\"inLanguage\":\"it-IT\",\"potentialAction\":[{\"@type\":\"ReadAction\",\"target\":[\"https:\/\/messico.evolutiontravel.it\/infovacanze\/cosa-vedere\/spiagge\/\"]}]},{\"@type\":\"BreadcrumbList\",\"@id\":\"https:\/\/messico.evolutiontravel.it\/infovacanze\/cosa-vedere\/spiagge\/#breadcrumb\",\"itemListElement\":[{\"@type\":\"ListItem\",\"position\":1,\"name\":\"Cosa vedere in Messico\",\"item\":\"https:\/\/messico.evolutiontravel.it\/infovacanze\/cosa-vedere\/\"},{\"@type\":\"ListItem\",\"position\":2,\"name\":\"Le spiagge da non perdere in Messico\"}]},{\"@type\":\"WebSite\",\"@id\":\"https:\/\/messico.evolutiontravel.it\/infovacanze\/#website\",\"url\":\"https:\/\/messico.evolutiontravel.it\/infovacanze\/\",\"name\":\"Messico\",\"description\":\"\",\"potentialAction\":[{\"@type\":\"SearchAction\",\"target\":{\"@type\":\"EntryPoint\",\"urlTemplate\":\"https:\/\/messico.evolutiontravel.it\/infovacanze\/?s={search_term_string}\"},\"query-input\":\"required name=search_term_string\"}],\"inLanguage\":\"it-IT\"}]}<\/script>\n<!-- \/ Yoast SEO plugin. -->","yoast_head_json":{"title":"Spiagge del Messico: i litorali pi\u00f9 belli per le tue vacanze al mare","description":"Hai scelto il Messico per trascorrere una vacanza al mare? Allora leggi il nostro articolo, ti raccontiamo le spiagge pi\u00f9 belle di questo paese!","robots":{"index":"index","follow":"follow","max-snippet":"max-snippet:-1","max-image-preview":"max-image-preview:large","max-video-preview":"max-video-preview:-1"},"canonical":"https:\/\/messico.evolutiontravel.it\/infovacanze\/cosa-vedere\/spiagge\/","og_locale":"it_IT","og_type":"article","og_title":"Spiagge del Messico: i litorali pi\u00f9 belli per le tue vacanze al mare","og_description":"Hai scelto il Messico per trascorrere una vacanza al mare? Allora leggi il nostro articolo, ti raccontiamo le spiagge pi\u00f9 belle di questo paese!","og_url":"https:\/\/messico.evolutiontravel.it\/infovacanze\/cosa-vedere\/spiagge\/","og_site_name":"Messico","article_modified_time":"2019-01-23T13:30:35+00:00","og_image":[{"url":"https:\/\/messico.evolutiontravel.it\/infovacanze\/wp-content\/uploads\/sites\/26\/2019\/01\/mappa-spiagge-messico.png"}],"twitter_misc":{"Tempo di lettura stimato":"2 minuti"},"schema":{"@context":"https:\/\/schema.org","@graph":[{"@type":"WebPage","@id":"https:\/\/messico.evolutiontravel.it\/infovacanze\/cosa-vedere\/spiagge\/","url":"https:\/\/messico.evolutiontravel.it\/infovacanze\/cosa-vedere\/spiagge\/","name":"Spiagge del Messico: i litorali pi\u00f9 belli per le tue vacanze al mare","isPartOf":{"@id":"https:\/\/messico.evolutiontravel.it\/infovacanze\/#website"},"datePublished":"2017-04-11T13:28:07+00:00","dateModified":"2019-01-23T13:30:35+00:00","description":"Hai scelto il Messico per trascorrere una vacanza al mare? Allora leggi il nostro articolo, ti raccontiamo le spiagge pi\u00f9 belle di questo paese!","breadcrumb":{"@id":"https:\/\/messico.evolutiontravel.it\/infovacanze\/cosa-vedere\/spiagge\/#breadcrumb"},"inLanguage":"it-IT","potentialAction":[{"@type":"ReadAction","target":["https:\/\/messico.evolutiontravel.it\/infovacanze\/cosa-vedere\/spiagge\/"]}]},{"@type":"BreadcrumbList","@id":"https:\/\/messico.evolutiontravel.it\/infovacanze\/cosa-vedere\/spiagge\/#breadcrumb","itemListElement":[{"@type":"ListItem","position":1,"name":"Cosa vedere in Messico","item":"https:\/\/messico.evolutiontravel.it\/infovacanze\/cosa-vedere\/"},{"@type":"ListItem","position":2,"name":"Le spiagge da non perdere in Messico"}]},{"@type":"WebSite","@id":"https:\/\/messico.evolutiontravel.it\/infovacanze\/#website","url":"https:\/\/messico.evolutiontravel.it\/infovacanze\/","name":"Messico","description":"","potentialAction":[{"@type":"SearchAction","target":{"@type":"EntryPoint","urlTemplate":"https:\/\/messico.evolutiontravel.it\/infovacanze\/?s={search_term_string}"},"query-input":"required name=search_term_string"}],"inLanguage":"it-IT"}]}},"_links":{"self":[{"href":"https:\/\/messico.evolutiontravel.it\/infovacanze\/wp-json\/wp\/v2\/pages\/285"}],"collection":[{"href":"https:\/\/messico.evolutiontravel.it\/infovacanze\/wp-json\/wp\/v2\/pages"}],"about":[{"href":"https:\/\/messico.evolutiontravel.it\/infovacanze\/wp-json\/wp\/v2\/types\/page"}],"author":[{"embeddable":true,"href":"https:\/\/messico.evolutiontravel.it\/infovacanze\/wp-json\/wp\/v2\/users\/6"}],"replies":[{"embeddable":true,"href":"https:\/\/messico.evolutiontravel.it\/infovacanze\/wp-json\/wp\/v2\/comments?post=285"}],"version-history":[{"count":13,"href":"https:\/\/messico.evolutiontravel.it\/infovacanze\/wp-json\/wp\/v2\/pages\/285\/revisions"}],"predecessor-version":[{"id":624,"href":"https:\/\/messico.evolutiontravel.it\/infovacanze\/wp-json\/wp\/v2\/pages\/285\/revisions\/624"}],"up":[{"embeddable":true,"href":"https:\/\/messico.evolutiontravel.it\/infovacanze\/wp-json\/wp\/v2\/pages\/173"}],"wp:attachment":[{"href":"https:\/\/messico.evolutiontravel.it\/infovacanze\/wp-json\/wp\/v2\/media?parent=285"}],"curies":[{"name":"wp","href":"https:\/\/api.w.org\/{rel}","templated":true}]}}